{"id":3,"date":"2020-12-10T13:35:36","date_gmt":"2020-12-10T13:35:36","guid":{"rendered":"https:\/\/roncarologiovanni.it\/?page_id=3"},"modified":"2021-01-11T11:57:02","modified_gmt":"2021-01-11T10:57:02","slug":"privacy-policy","status":"publish","type":"page","link":"https:\/\/roncarologiovanni.it\/?page_id=3","title":{"rendered":"Privacy Policy"},"content":{"rendered":"\r\n<p>Ditta Roncarolo Giovanni s.a.s. di Roncarolo Giovanni &amp; C. con sede legale in Viale dei Mille n, 20- Cuorgn\u00e8 (TO)., in qualit\u00e0 di titolare del trattamento dei dati personali ai sensi del Regolamento UE 679\/2016 riconosce l&#8217;importanza della protezione dei dati personali e considera la tua tutela uno degli obiettivi della propria attivit\u00e0 e ti informa che il trattamento dei tuoi dati personali sar\u00e0 improntato ai principi di liceit\u00e0, correttezza, trasparenza, limitazione delle finalit\u00e0 e della conservazione, minimizzazione dei dati, esattezza, integrit\u00e0 e riservatezza.<\/p>\r\n<p><br \/>La presente Privacy Policy, che \u00e8 da intendersi come informativa ed \u00e8 resa solo per il sito www.roncarologiovanni.it, elenca le garanzie ed i diritti dell&#8217;interessato in materia di tutela del trattamento dei dati personali.<\/p>\r\n<p>&nbsp;<\/p>\r\n<ol>\r\n<li><strong> Titolare<\/strong><br \/>Il Titolare del Trattamento \u00e8 la Ditta Roncarolo Giovanni s.a.s. di Roncarolo Giovanni &amp; C. con sede legale in Viale dei Mille n, 20- Cuorgn\u00e8 (TO)., Data la natura e le finalit\u00e0 del trattamento il Titolare ha reputato non necessaria la nomina di un Data Protection Officer.<\/li>\r\n<\/ol>\r\n<p>&nbsp;<\/p>\r\n<ol start=\"2\">\r\n<li><strong> Finalit\u00e0 e cause di liceit\u00e0 del trattamento<\/strong><br \/>Ai sensi della normativa applicabile, il consenso \u00e8 necessario solo nei casi in cui non sussista una diversa causa di liceit\u00e0 (es. lett. a); in ogni caso il conferimento dei tuoi Dati Personali per la finalit\u00e0 sotto elencate \u00e8 facoltativo, ma il loro eventuale mancato conferimento potrebbe rendere impossibile riscontrare una tua richiesta o adempiere ad un obbligo legale a cui la Ditta Roncarolo Giovanni s.a.s. di Roncarolo Giovanni &amp; C. \u00e8 soggetta.<br \/>I Dati Personali forniti attraverso il Sito saranno trattati dalla Ditta Roncarolo Giovanni s.a.s. di Roncarolo Giovanni &amp; C. per le seguenti finalit\u00e0:<br \/>a) finalit\u00e0 inerenti l&#8217;esecuzione di un contratto di cui sei parte o all&#8217;esecuzione di misure precontrattuali adottate su tua richiesta<br \/>b) finalit\u00e0 di ricerche\/analisi statistiche su dati aggregati o anonimi, senza dunque possibilit\u00e0 di identificare l&#8217;utente, volti a misurare il funzionamento del Sito, misurare il traffico e valutare usabilit\u00e0 e interesse;<br \/>c) finalit\u00e0 relative all&#8217;adempimento di un obbligo legale al quale la Ditta Roncarolo Giovanni s.a.s. di Roncarolo Giovanni &amp; C. e\u0300 soggetta;<br \/>d) finalit\u00e0 di difendere un diritto in sede giudiziaria o ogniqualvolta le autorit\u00e0 giurisdizionali esercitino le loro funzioni giurisdizionali.<br \/>e) finalit\u00e0 di profilazione dei dati dell&#8217;interessato<\/li>\r\n<\/ol>\r\n<p>&nbsp;<\/p>\r\n<ol start=\"3\">\r\n<li><strong> Dati oggetto del trattamento<\/strong><br \/>Per &#8220;Dati Personali&#8221; si intende qualsiasi informazione riguardante una persona fisica identificata o identificabile con particolare riferimento a un identificativo come il nome, un numero di identificazione, dati relativi all&#8217;ubicazione, un identificativo online o a uno o pi\u00f9 elementi caratteristici della sua identit\u00e0 fisica, fisiologica, psichica, economica, culturale o sociale.<br \/>I Dati Personali raccolti dal Sito sono i seguenti:<br \/>a. Dati di navigazione<br \/>I sistemi informatici del Sito raccolgono alcuni Dati Personali la cui trasmissione \u00e8 implicita nell&#8217;uso dei protocolli di comunicazione di Internet. Si tratta di informazioni che non sono raccolte per essere associate a te, ma che per loro stessa natura potrebbero, attraverso elaborazioni ed associazioni con dati detenuti da terzi, permettere di identificarti. Tra questi ci sono gli indirizzi IP o i nomi a dominio dei dispositivi utilizzati per connetterti al Sito, gli indirizzi in notazione delle risorse richieste, l&#8217;orario della richiesta, il metodo utilizzato nel sottoporre la richiesta al server, la dimensione del file ottenuto in risposta, il codice numerico indicante lo stato della risposta data dal server ed altri parametri relativi al tuo sistema operativo e ambiente informatico.<br \/>b. Dati forniti volontariamente<br \/>I dati personali come il nome e l&#8217;indirizzo e-mail per contattare la Ditta Roncarolo Giovanni s.a.s. di Roncarolo Giovanni &amp; C. attraverso il form &#8220;Contattaci&#8221;, forniti volontariamente dall&#8217;interessato attraverso il sito.<br \/>I dati forniti volontariamente dall&#8217;interessato per richiedere l&#8217;adempimento di un contratto di vendita o l&#8217;erogazione di un servizio richiesto dall&#8217;interessato.<br \/>Il mancato conferimento dei dati pu\u00f2 comportare l&#8217;impossibilit\u00e0 di ottenere il servizio richiesto.<br \/>In ogni caso la Ditta Roncarolo Giovanni s.a.s. di Roncarolo Giovanni &amp; C. tratter\u00e0 questi dati nel rispetto della normativa, assumendo che siano riferiti a te o a terzi soggetti che ti hanno espressamente autorizzato a conferirli in base ad un&#8217;idonea base giuridica che legittima il trattamento dei dati in questione. Rispetto a tale ultima ipotesi, ti poni come autonomo titolare del trattamento, assumendoti tutti gli obblighi e le responsabilit\u00e0 di legge. In tal senso, conferisci sul punto la pi\u00f9 ampia manleva rispetto ad ogni contestazione, pretesa, richiesta di risarcimento del danno da trattamento, etc. che dovesse pervenire alla Ditta Roncarolo Giovanni s.a.s. di Roncarolo Giovanni &amp; C. da terzi soggetti i cui Dati Personali siano stati trattati attraverso il tuo utilizzo del Sito in violazione della Normativa Applicabile.<\/li>\r\n<\/ol>\r\n<p>&nbsp;<\/p>\r\n<ol start=\"4\">\r\n<li><strong> Modalit\u00e0 di Trattamento<\/strong><br \/>In relazione alle finalit\u00e0 sopra richiamate, il trattamento avviene mediante strumenti manuali, informatici e telematici con logiche strettamente correlate alle finalit\u00e0 suddette e, comunque, in modo da garantire la sicurezza e la riservatezza dei dati stessi e con l&#8217;impegno da parte Vostra di comunicarci sollecitamente eventuali correzioni, modificazione ed aggiornamenti. Detto trattamento potr\u00e0 essere effettuato per conto del Titolare del Trattamento per le finalit\u00e0 e con le modalit\u00e0 sopra descritte e nel rispetto di criteri idonei a garantire sicurezza e riservatezza, da societ\u00e0, studi, enti e collaboratori esterni nominati Responsabili e solamente per quanto attiene ai trattamenti da loro effettuati.<br \/>Considerando la natura e le finalit\u00e0 del trattamento, la Ditta Roncarolo Giovanni s.a.s. di Roncarolo Giovanni &amp; C. esclude la possibilit\u00e0 di dover trattare dati appartenenti a categorie particolari ex art 9 GDPR che richiedono una maggior tutela, e nel caso gli stessi ci fossero da Voi trasmessi dati, in mancanza di un esplicito consenso scritto sar\u00e0 nostra cura cancellarli immediatamente.<\/li>\r\n<li><br \/><strong> Destinatari<\/strong><br \/>I tuoi Dati Personali potranno essere condivisi con:<br \/>a. soggetti necessari per l&#8217;erogazione dei servizi offerti dal Sito;<br \/>b. persone autorizzate dalla Ditta Roncarolo Giovanni s.a.s. di Roncarolo Giovanni &amp; C.al trattamento dei Dati Personali che si siano impegnate alla riservatezza o abbiano un adeguato obbligo legale di riservatezza;<br \/>c. autorit\u00e0 giurisdizionali nell&#8217;esercizio delle loro funzioni quando richiesto dalla legge.<\/li>\r\n<\/ol>\r\n<p>&nbsp;<\/p>\r\n<ol start=\"6\">\r\n<li><strong> Conservazione<\/strong><br \/>La Ditta Roncarolo Giovanni s.a.s. di Roncarolo Giovanni &amp; C. tratter\u00e0 i tuoi Dati Personali per il tempo strettamente necessario a raggiungere gli scopi indicati al punto 2 (finalit\u00e0 e cause di liceit\u00e0 del trattamento) e comunque non oltre il periodo di conservazione massimo previsto dalla legge Italiana a tutela dei propri interessi. Maggiori informazioni in merito al periodo di conservazione dei Dati Personali e ai criteri utilizzati per determinare tale periodo possono essere richieste scrivendo alla Ditta Roncarolo Giovanni s.a.s. di Roncarolo Giovanni &amp; C. all&#8217;indirizzo mail info@roncarologiovanni.it<\/li>\r\n<li><br \/><strong> Diritti dell&#8217;interessato<\/strong><br \/>Nei limiti di legge, l&#8217;interessato ha sempre il diritto di chiedere alla Ditta Roncarolo Giovanni s.a.s. di Roncarolo Giovanni &amp; C. l&#8217;accesso, la rettifica e la cancellazione dei propri dati personali oppure di opporsi o limitare il loro trattamento, nonch\u00e9 di ottenere in un formato strutturato, di uso comune e leggibile da dispositivo automatico i dati che ti riguardano.<br \/>A garanzia della tutela dei dati trattati, l&#8217;interessato ha inoltre la possibilit\u00e0 di proporre reclamo all&#8217;autorit\u00e0 Garante in materia di protezione di dati personali qualora reputi il trattamento dei propri dati personali contrario alle regole prescritte.<br \/>Tutte le richieste di tale natura vanno rivolte via e-mail all&#8217;indirizzo e-mail: info@roncarologiovanni.it<\/li>\r\n<\/ol>\r\n<p><strong>\u00a0<\/strong><\/p>\r\n<p><strong>COOKIE POLICY<\/strong><\/p>\r\n<p>Questo sito utilizza cookie, anche di terze parti, per offrire servizi in linea con le preferenze del navigatore ed in alcuni casi per inviare messaggi pubblicitari. Chiudendo il banner dell&#8217;informativa breve sui cookie presente sul sito, scorrendo le pagine, cliccando su un link o proseguendo la navigazione in altra maniera, si acconsente all&#8217;uso dei cookie. Se si desidera saperne di pi\u00f9 o negare il consenso a tutti o ad alcuni cookie leggere interamente quanto segue.<\/p>\r\n<p>&nbsp;<\/p>\r\n<ol>\r\n<li><strong> Definizioni e caratteristiche dei cookie<\/strong><br \/>Cookie e tecnologie affini sono informazioni che siti e app inviano o leggono sui tuoi dispositivi alla prima visita, per essere poi ritrasmesse agli stessi siti, app alla successiva visita. Proprio grazie a queste tecnologie i siti e le app ricordano azioni e preferenze (come, ad esempio, i dati di login, la lingua prescelta, le dimensioni dei caratteri, altre impostazioni di visualizzazione, ecc.) in modo che non debbano essere indicate nuovamente alla successiva visita.<br \/>Vi sono diversi tipologie di cookie che, a seconda delle loro caratteristiche e funzioni, potrebbero persistere sul tuo dispositivo per diversi periodi di tempo (cookie di sessione) che sono automaticamente cancellati quando chiudi il browser; e i cookie persistenti, che rimangono sul tuo dispositivo fino ad un tempo prestabilito.<br \/>A norma di legge, il tuo preventivo consenso non \u00e8 richiesto per i &#8220;cookie tecnici&#8221;, mentre \u00e8 richiesto per i cookie &#8220;analitici&#8221; non anonimizzati e per cookie di profilazione.<\/li>\r\n<\/ol>\r\n<p>&nbsp;<\/p>\r\n<ol start=\"3\">\r\n<li><strong> Come visualizzare e modificare i cookie tramite browser<\/strong><br \/>Puoi autorizzare, bloccare o eliminare (in tutto o in parte) i cookie attraverso le funzioni specifiche del tuo browser o attraverso componenti aggiuntive di terze parti. Tuttavia, la disattivazione dei cookie tecnici del Sito potrebbe comportare che alcuni servizi o funzionalit\u00e0 del Sito non saranno disponibili o potrebbero non funzionare correttamente e potresti essere costretto a modificare o immettere manualmente alcune informazioni o ad ogni visita.<\/li>\r\n<\/ol>\r\n\r\n\r\n\r\n\r\n","protected":false},"excerpt":{"rendered":"<p>Ditta Roncarolo Giovanni s.a.s. di Roncarolo Giovanni &amp; C. con sede legale in Viale dei Mille n, 20- Cuorgn\u00e8 (TO)., in qualit\u00e0 di titolare del trattamento dei dati personali ai sensi del Regolamento UE 679\/2016 riconosce l&#8217;importanza della protezione dei dati personali e considera la tua tutela uno degli obiettivi della propria attivit\u00e0 e ti [&hellip;]<\/p>\n","protected":false},"author":1,"featured_media":0,"parent":0,"menu_order":0,"comment_status":"closed","ping_status":"open","template":"","meta":[],"_links":{"self":[{"href":"https:\/\/roncarologiovanni.it\/index.php?rest_route=\/wp\/v2\/pages\/3"}],"collection":[{"href":"https:\/\/roncarologiovanni.it\/index.php?rest_route=\/wp\/v2\/pages"}],"about":[{"href":"https:\/\/roncarologiovanni.it\/index.php?rest_route=\/wp\/v2\/types\/page"}],"author":[{"embeddable":true,"href":"https:\/\/roncarologiovanni.it\/index.php?rest_route=\/wp\/v2\/users\/1"}],"replies":[{"embeddable":true,"href":"https:\/\/roncarologiovanni.it\/index.php?rest_route=%2Fwp%2Fv2%2Fcomments&post=3"}],"version-history":[{"count":6,"href":"https:\/\/roncarologiovanni.it\/index.php?rest_route=\/wp\/v2\/pages\/3\/revisions"}],"predecessor-version":[{"id":205,"href":"https:\/\/roncarologiovanni.it\/index.php?rest_route=\/wp\/v2\/pages\/3\/revisions\/205"}],"wp:attachment":[{"href":"https:\/\/roncarologiovanni.it\/index.php?rest_route=%2Fwp%2Fv2%2Fmedia&parent=3"}],"curies":[{"name":"wp","href":"https:\/\/api.w.org\/{rel}","templated":true}]}}