{"id":759,"date":"2022-11-03T15:37:54","date_gmt":"2022-11-03T14:37:54","guid":{"rendered":"https:\/\/roncarologiovanni.it\/?post_type=product&#038;p=759"},"modified":"2025-04-09T08:41:06","modified_gmt":"2025-04-09T07:41:06","slug":"spaccalegna-lshe-7000","status":"publish","type":"product","link":"https:\/\/roncarologiovanni.it\/?product=spaccalegna-lshe-7000","title":{"rendered":"Spaccalegna LSHE 7000"},"content":{"rendered":"<ul>\n<li>Motore: monofase 2300W \/ 230V<\/li>\n<li>Lunghezza di spacco: 520 mm<\/li>\n<li>Diametro di spacco: 250 mm<\/li>\n<li>Spinta: 7 tonnellate<\/li>\n<li>Peso: 59kg<\/li>\n<\/ul>\n","protected":false},"excerpt":{"rendered":"<p>Il modello LSHE 7000 \u00e8 il pi\u00f9 compatto della gamma. Grazie al sistema di spacco orizzontale \u00e8 possibile spaccare i ceppi senza quasi doverli sollevare. La potenza di 7 tonnellate \u00e8 adeguato ad un uso domestico.<\/p>\n","protected":false},"featured_media":760,"template":"","meta":[],"_links":{"self":[{"href":"https:\/\/roncarologiovanni.it\/index.php?rest_route=\/wp\/v2\/product\/759"}],"collection":[{"href":"https:\/\/roncarologiovanni.it\/index.php?rest_route=\/wp\/v2\/product"}],"about":[{"href":"https:\/\/roncarologiovanni.it\/index.php?rest_route=\/wp\/v2\/types\/product"}],"wp:featuredmedia":[{"embeddable":true,"href":"https:\/\/roncarologiovanni.it\/index.php?rest_route=\/wp\/v2\/media\/760"}],"wp:attachment":[{"href":"https:\/\/roncarologiovanni.it\/index.php?rest_route=%2Fwp%2Fv2%2Fmedia&parent=759"}],"curies":[{"name":"wp","href":"https:\/\/api.w.org\/{rel}","templated":true}]}}